ative of 69*j**4 - j**3/3 + j**2 - 2*j + 8. Let h be g(1). Calculate the highest common divisor of h and 25.
25
Suppose 2*q = -5*l - 12 + 37, 2*q = 4*l - 38. Let k be (-9)/(-12) + 622/(-8). Let p = k + 154. Calculate the greatest common divisor of p and l.
7
Suppose -20 = 4*j, -6*b + b - 5*j = -105. Calculate the highest common divisor of 26 and b.
26
Suppose 0 = -4*h - h - 2*j + 198, 165 = 4*h - 5*j. Let t = 4 - -1. What is the highest common factor of t and h?
5
Let t be (-2)/(-3) + 130/39. Suppose 2*u = -f + 145, -2*u + t*u + 2*f - 140 = 0. What is the highest common factor of 30 and u?
15
Let s(k) = 10 + 0 + 3 - k - k**2. Let j be s(-10). Let d = -49 - j. Calculate the highest common divisor of 7 and d.
7
Let l = -469 + 470. Let p(w) = 2*w + 3. Let f be p(4). What is the highest common factor of l and f?
1
Let k = 1 + -1. Let d(i) = -i**2 - i + 18. Let n be d(k). Suppose 0 = 12*t - 9*t - 486. Calculate the greatest common factor of n and t.
18
Suppose -4*c + 5*t + 37 = 0, 0 = -c - 0*t - 3*t + 5. What is the highest common factor of c and 8?
8
Let t(v) = -2*v - 13. Let c(r) = -r - 12. Let x(n) = 4*c(n) - 3*t(n). Let w be x(12). What is the greatest common divisor of w and 10?
5
Let f(d) = -2*d + 4. Let t be f(-5). Let v be 14*((-36)/(-14) - 2). Suppose 0 = -u + 6 + v. Calculate the highest common divisor of t and u.
14
Let u be 1*-2*(-19)/1. What is the greatest common divisor of 57 and u?
19
Let h(r) = 3 + 2*r - r**2 - 8*r + 0. Let o be h(-6). Suppose y - 2*l = -2, o*l = l + 6. What is the highest common divisor of y and 1?
1
Let w be 5*(14/105)/((-1)/(-9)). Let y = 3 + 1. Let o = w - y. Calculate the highest common factor of o and 8.
2
Let r = 109 + -49. Calculate the highest common factor of r and 15.
15
Let y = 1263 - 894. What is the highest common divisor of y and 41?
41
Let z(d) = d**3 + 6*d**2. Suppose -7*p - 12 = -4*p. Let o be z(p). Let a be (1*-1 - 0) + 17. Calculate the highest common divisor of a and o.
16
Let l be 1 + (-405)/(-11) + (-16)/(-88). What is the greatest common divisor of l and 38?
38
Suppose 0 = -2*c + i + 197, 4 = 3*i + 1. What is the highest common factor of c and 66?
33
Suppose 9*m - 4*m = 105. What is the highest common divisor of m and 7?
7
Let v(u) = -u**2 + 14*u - 28. Let d be v(10). Calculate the greatest common divisor of 3 and d.
3
Let l(h) = -9*h + 2. Let v be l(2). Let x be 6/15 + v/(-10). Let k be 63/x - (-6)/12. Calculate the greatest common factor of k and 48.
16
Let s = 8 - 13. Let o(n) = -n**2 - 8*n - 5. Let y be o(s). Let p be (-4)/y + (-184)/(-10). Calculate the highest common factor of p and 2.
2
Let n(c) = -2*c**3 + c + 2. Let q be n(-1). Let w(b) = 2*b**3 - 4*b**2 - 2*b + 4. Let p be w(q). What is the greatest common factor of p and 24?
8
Let k(t) = t**3 - 8*t**2 + 9*t - 8. Suppose -5*s + 25 = -8*j + 3*j, 33 = 5*s - j. Let d be k(s). Calculate the greatest common divisor of 24 and d.
6
Suppose 18 = d - 4*m, -3*d + 25 = m - 29. What is the greatest common factor of d and 18?
18
Let o = 14 + -10. Suppose 2*l + 2*f + o = 10, -3*l = -f - 21. Calculate the highest common factor of l and 15.
3
Suppose 0 = -0*b + 5*b - 175. Calculate the highest common divisor of 7 and b.
7
Let r = -29 - -38. Let u = -2 + 4. Suppose 3*h + u*h = 315. What is the highest common factor of r and h?
9
Let t = 3 - -2. Suppose 0 = 5*s - s - 3*u - 469, -96 = -s + t*u. What is the highest common factor of 11 and s?
11
Suppose 0 = -5*m + 91 - 21. Let y(j) = -j + 7. Let c be y(5). Let d = c + 54. What is the highest common factor of m and d?
14
Let a be ((-4)/6)/((-30)/(-45)). Let l be a*36/(-2) + 2. Calculate the greatest common divisor of 50 and l.
10
Let i = 30 + -21. Suppose i = c - 0*c. Suppose -4*d - 2*x = 2, 5*d + 3*x + 10 = -2*x. Calculate the highest common factor of d and c.
1
Let a be ((-104)/39)/(1/(-132)). Calculate the greatest common divisor of 32 and a.
32
Let s(k) = k**2 + 4*k - 8. Let a be s(-6). Suppose 3*u = -4*j + u + 62, -60 = -a*j - 4*u. What is the greatest common factor of j and 112?
16
Suppose 1 = 2*w - 5. Let g(v) = -1 + 4*v - w - 2*v. Let x be g(6). Calculate the highest common divisor of x and 72.
8
Let u(x) = -2*x - 4. Let t be u(-3). Calculate the highest common factor of 3 and t.
1
Suppose -15 = 5*j, -b - 5*j = -2*j + 8. Suppose -6 = -y + b. Suppose -z + p + 3*p = -79, -2*z + 134 = -2*p. Calculate the greatest common factor of y and z.
7
Let a be (-143)/(-4) + 2/8. Suppose -2*b + 2 + 0 = 0. Suppose -5*o = b - 61. What is the greatest common factor of o and a?
12
Suppose -5*n + 5*y = -n - 88, -3 = n + 5*y. Calculate the highest common factor of n and 17.
17
Let p(z) = 5*z**2 + z + 1. Let i be p(-1). Let t be 3/(25/(-22) - -1). Let y = t + 57. What is the greatest common factor of i and y?
5
Let j(i) = -5*i + 5*i + 3*i. Let l be 1*-1*(6 - 8). Let s be j(l). Calculate the greatest common factor of s and 6.
6
Let z be 20/5 - 33/(-3). Let p(x) = 1 - 4*x**2 + 2 + 5*x**2 - 4*x. Let y be p(6). Calculate the greatest common factor of y and z.
15
Let r be (-42)/(-8) - 1/4. Suppose 5*f = -3*x + 7*x + 218, r*x - 32 = -f. Calculate the greatest common divisor of f and 28.
14
Let p be (0 - 22)*(-2 + (5 - 5)). What is the greatest common factor of p and 4?
4
Let n = -6 + 8. Suppose -4*o - n = -18. What is the highest common divisor of o and 2?
2
Let r be (-4)/4*(-30)/2. What is the greatest common divisor of 120 and r?
15
Suppose -5*k + 24 = -4*g + 194, -4*k + 152 = 4*g. Suppose -5*r + t + 74 = 3*t, 3*r + 3*t = 39. Calculate the highest common factor of g and r.
8
Let l(g) = 2*g - 4. Let r be 0 + 8/2 + 7. Let o be l(r). Calculate the greatest common factor of o and 36.
18
Suppose 206 = 6*l + 50. What is the highest common factor of 52 and l?
26
Let l = 23 + -15. Calculate the greatest common factor of l and 72.
8
Suppose -3*g - 2*i + 37 = -8*g, 2*g - 5*i = -19. Let c = g - -29. What is the greatest common factor of 242 and c?
22
Suppose 4*n - 88 = -5*d, 0 = 5*d - 3*d - 5*n - 55. What is the greatest common factor of d and 20?
20
Let a be (-2653)/(-14) - (-2)/(-4). Calculate the highest common divisor of 27 and a.
27
Let d = 13 - 2. Let q = 2 + 2. Suppose -q = 2*z, 0 = 4*r - 7*r - 4*z + 25. What is the greatest common factor of r and d?
11
Suppose 0 = 111*v - 106*v - 1180. Calculate the greatest common factor of v and 59.
59
Let k = -2 - 22. Let t be k/(-14) + (-8)/(-28). Suppose 0 = 4*w - 2 - t. What is the highest common factor of 9 and w?
1
Suppose -2*u = u + c - 61, 0 = 3*u - 5*c - 73. What is the highest common divisor of 14 and u?
7
Suppose -2*h = -13 - 11. Suppose 0 = -g + h - 0. What is the highest common factor of g and 8?
4
Let d = -46 - -53. What is the highest common divisor of 77 and d?
7
Suppose c - 4*o - 45 = 0, -2*c - 3*c + 105 = 4*o. Suppose -4*p + 81 = c. Calculate the highest common factor of p and 42.
14
Let s(a) = 1 + 0 + 8*a**2 + 4*a**2. Let p be s(-1). Calculate the greatest common divisor of 13 and p.
13
Let o = -8 - -12. Suppose 0 = -o*c + 65 + 7. Calculate the greatest common divisor of 162 and c.
18
Let w = 68 - 41. Let f = -14 + w. Calculate the highest common divisor of f and 26.
13
Suppose 4*z = -0*z + 196. Let i = -7 + z. Calculate the greatest common factor of i and 6.
6
Suppose -4*p = -n + 1, -4*n + n + 3 = 3*p. Suppose 3*h + 14 + n = 0, 3*q - 3*h = 63. Suppose -19*u + 512 = -3*u. What is the greatest common factor of q and u?
16
Let q be 2 - ((-3)/6)/(5/1690). What is the highest common factor of 19 and q?
19
Let p be ((-12)/16)/((-3)/(-36)). Let a(t) = -t**3 - 8*t**2 - t + 9. Let r be a(p). Let v = -13 - -22. Calculate the highest common divisor of v and r.
9
Let p(c) = c**2 + 3. Suppose 0 = 3*k - 0*k + 12. Let u be p(k). Calculate the greatest common factor of u and 38.
19
Let t be 2 - (0 + 2 - 3). Suppose 4*w = 3*g - 4*g + 7, 0 = -t*w. Suppose -4 = 3*v - 67. What is the highest common factor of g and v?
7
Let i = 363 - 211. What is the greatest common factor of i and 19?
19
Let d(l) = 6*l**2 - l - l**3 + 6*l + 15 + 5*l + 4*l**2. Let f be d(11). Calculate the highest common divisor of f and 28.
4
Let r = -8 + 42. Let x(f) = -5*f + 14*f**2 + 3 - 5*f + 3*f + 3*f. Let i be x(2). What is the highest common factor of r and i?
17
Suppose -3 = -f - 1. Suppose -f*d = d. Suppose 